{"id":1395,"date":"2022-10-12T21:15:31","date_gmt":"2022-10-12T21:15:31","guid":{"rendered":"https:\/\/bebart.it\/?post_type=product&#038;p=1395"},"modified":"2022-10-16T21:55:53","modified_gmt":"2022-10-16T21:55:53","slug":"portacandele-stromboli","status":"publish","type":"product","link":"https:\/\/bebart.it\/?product=portacandele-stromboli","title":{"rendered":"PORTACANDELE &#8220;STROMBOLI&#8221;"},"content":{"rendered":"<p><img loading=\"lazy\" class=\"alignnone size-medium wp-image-1396\" src=\"http:\/\/bebart.it\/wp-content\/uploads\/2022\/10\/DSC_0299-169x300.jpg\" alt=\"\" width=\"169\" height=\"300\" srcset=\"https:\/\/bebart.it\/wp-content\/uploads\/2022\/10\/DSC_0299-169x300.jpg 169w, https:\/\/bebart.it\/wp-content\/uploads\/2022\/10\/DSC_0299-576x1024.jpg 576w, https:\/\/bebart.it\/wp-content\/uploads\/2022\/10\/DSC_0299-768x1365.jpg 768w, https:\/\/bebart.it\/wp-content\/uploads\/2022\/10\/DSC_0299-864x1536.jpg 864w, https:\/\/bebart.it\/wp-content\/uploads\/2022\/10\/DSC_0299-1153x2048.jpg 1153w, https:\/\/bebart.it\/wp-content\/uploads\/2022\/10\/DSC_0299-550x977.jpg 550w, https:\/\/bebart.it\/wp-content\/uploads\/2022\/10\/DSC_0299-scaled.jpg 1441w\" sizes=\"(max-width: 169px) 100vw, 169px\" \/><img loading=\"lazy\" class=\"alignnone size-medium wp-image-1397\" src=\"http:\/\/bebart.it\/wp-content\/uploads\/2022\/10\/DSC_0300-169x300.jpg\" alt=\"\" width=\"169\" height=\"300\" srcset=\"https:\/\/bebart.it\/wp-content\/uploads\/2022\/10\/DSC_0300-169x300.jpg 169w, https:\/\/bebart.it\/wp-content\/uploads\/2022\/10\/DSC_0300-576x1024.jpg 576w, https:\/\/bebart.it\/wp-content\/uploads\/2022\/10\/DSC_0300-768x1365.jpg 768w, https:\/\/bebart.it\/wp-content\/uploads\/2022\/10\/DSC_0300-864x1536.jpg 864w, https:\/\/bebart.it\/wp-content\/uploads\/2022\/10\/DSC_0300-1152x2048.jpg 1152w, https:\/\/bebart.it\/wp-content\/uploads\/2022\/10\/DSC_0300-550x978.jpg 550w, https:\/\/bebart.it\/wp-content\/uploads\/2022\/10\/DSC_0300-scaled.jpg 1440w\" sizes=\"(max-width: 169px) 100vw, 169px\" \/><img loading=\"lazy\" class=\"alignnone size-medium wp-image-1398\" src=\"http:\/\/bebart.it\/wp-content\/uploads\/2022\/10\/DSC_0301-169x300.jpg\" alt=\"\" width=\"169\" height=\"300\" srcset=\"https:\/\/bebart.it\/wp-content\/uploads\/2022\/10\/DSC_0301-169x300.jpg 169w, https:\/\/bebart.it\/wp-content\/uploads\/2022\/10\/DSC_0301-576x1024.jpg 576w, https:\/\/bebart.it\/wp-content\/uploads\/2022\/10\/DSC_0301-768x1365.jpg 768w, https:\/\/bebart.it\/wp-content\/uploads\/2022\/10\/DSC_0301-864x1536.jpg 864w, https:\/\/bebart.it\/wp-content\/uploads\/2022\/10\/DSC_0301-1152x2048.jpg 1152w, https:\/\/bebart.it\/wp-content\/uploads\/2022\/10\/DSC_0301-550x978.jpg 550w, https:\/\/bebart.it\/wp-content\/uploads\/2022\/10\/DSC_0301-scaled.jpg 1440w\" sizes=\"(max-width: 169px) 100vw, 169px\" \/><img loading=\"lazy\" class=\"alignnone size-medium wp-image-1399\" src=\"http:\/\/bebart.it\/wp-content\/uploads\/2022\/10\/DSC_0306-169x300.jpg\" alt=\"\" width=\"169\" height=\"300\" srcset=\"https:\/\/bebart.it\/wp-content\/uploads\/2022\/10\/DSC_0306-169x300.jpg 169w, https:\/\/bebart.it\/wp-content\/uploads\/2022\/10\/DSC_0306-576x1024.jpg 576w, https:\/\/bebart.it\/wp-content\/uploads\/2022\/10\/DSC_0306-768x1365.jpg 768w, https:\/\/bebart.it\/wp-content\/uploads\/2022\/10\/DSC_0306-864x1536.jpg 864w, https:\/\/bebart.it\/wp-content\/uploads\/2022\/10\/DSC_0306-1152x2048.jpg 1152w, https:\/\/bebart.it\/wp-content\/uploads\/2022\/10\/DSC_0306-550x977.jpg 550w, https:\/\/bebart.it\/wp-content\/uploads\/2022\/10\/DSC_0306-scaled.jpg 1440w\" sizes=\"(max-width: 169px) 100vw, 169px\" \/><\/p>\n","protected":false},"excerpt":{"rendered":"<p>I miei Portacandele vengono realizzati utilizzando i fiori del mio giardino, e non solo. In questo caso si tratta di fiori di Dimorfoteca, Carota selvatica, Ortensia, Foglie di Acero giapponese, Foglie diverse. A volte i fiori li raccolgo nei posti in cui mi trovo e cerco di riportarli integri a casa, per dopo sottoporrli a un lungo processo di pressatura. I fiori, una volta essiccati, vengono incollati uno per uno sul vetro. Una volta asciugati vengono coperti con la delicata carta di riso. E&#8217; inclusa una candelina profumata.<br \/>\nI Portacandele si illuminano dall&#8217;interno e riflettono la luce per rendere il tuo salotto pi\u00f9 accogliente, la tua camera da letto pi\u00f9 romantica o il tuo negozio pi\u00f9 interessante.<br \/>\nSiccome questo Portacandele \u00e8 bello anche dall&#8217;interno, perch\u00e8 i fiori si vedono in modo chiaro e limpido, lo si pu\u00f2 utilizzare anche come soprammobile o cenrotavola.<br \/>\nTutte le mie creazioni sono pezzi unici! Un regalo decisamente originale!<br \/>\nIl peso: 1120 grammi<\/p>\n<p>Dimensioni: 12 x 11,5 cm<\/p>\n","protected":false},"featured_media":1396,"comment_status":"open","ping_status":"closed","template":"","meta":[],"product_cat":[34],"product_tag":[],"_links":{"self":[{"href":"https:\/\/bebart.it\/index.php?rest_route=\/wp\/v2\/product\/1395"}],"collection":[{"href":"https:\/\/bebart.it\/index.php?rest_route=\/wp\/v2\/product"}],"about":[{"href":"https:\/\/bebart.it\/index.php?rest_route=\/wp\/v2\/types\/product"}],"replies":[{"embeddable":true,"href":"https:\/\/bebart.it\/index.php?rest_route=%2Fwp%2Fv2%2Fcomments&post=1395"}],"wp:featuredmedia":[{"embeddable":true,"href":"https:\/\/bebart.it\/index.php?rest_route=\/wp\/v2\/media\/1396"}],"wp:attachment":[{"href":"https:\/\/bebart.it\/index.php?rest_route=%2Fwp%2Fv2%2Fmedia&parent=1395"}],"wp:term":[{"taxonomy":"product_cat","embeddable":true,"href":"https:\/\/bebart.it\/index.php?rest_route=%2Fwp%2Fv2%2Fproduct_cat&post=1395"},{"taxonomy":"product_tag","embeddable":true,"href":"https:\/\/bebart.it\/index.php?rest_route=%2Fwp%2Fv2%2Fproduct_tag&post=1395"}],"curies":[{"name":"wp","href":"https:\/\/api.w.org\/{rel}","templated":true}]}}