{"id":501,"date":"2022-03-14T08:39:13","date_gmt":"2022-03-14T08:39:13","guid":{"rendered":"https:\/\/bebart.it\/?post_type=product&#038;p=501"},"modified":"2022-11-12T23:22:14","modified_gmt":"2022-11-12T23:22:14","slug":"lampada-primavera","status":"publish","type":"product","link":"https:\/\/bebart.it\/?product=lampada-primavera","title":{"rendered":"PORTACANDELE &#8220;TOPAZIO&#8221;"},"content":{"rendered":"<p><img loading=\"lazy\" class=\"alignnone size-medium wp-image-1545\" src=\"http:\/\/bebart.it\/wp-content\/uploads\/2022\/11\/20221113_000415-193x300.jpg\" alt=\"\" width=\"193\" height=\"300\" srcset=\"https:\/\/bebart.it\/wp-content\/uploads\/2022\/11\/20221113_000415-193x300.jpg 193w, https:\/\/bebart.it\/wp-content\/uploads\/2022\/11\/20221113_000415-659x1024.jpg 659w, https:\/\/bebart.it\/wp-content\/uploads\/2022\/11\/20221113_000415-768x1194.jpg 768w, https:\/\/bebart.it\/wp-content\/uploads\/2022\/11\/20221113_000415-988x1536.jpg 988w, https:\/\/bebart.it\/wp-content\/uploads\/2022\/11\/20221113_000415-550x855.jpg 550w, https:\/\/bebart.it\/wp-content\/uploads\/2022\/11\/20221113_000415.jpg 1080w\" sizes=\"(max-width: 193px) 100vw, 193px\" \/><img loading=\"lazy\" class=\"alignnone size-medium wp-image-1544\" src=\"http:\/\/bebart.it\/wp-content\/uploads\/2022\/11\/20221113_000347-209x300.jpg\" alt=\"\" width=\"209\" height=\"300\" srcset=\"https:\/\/bebart.it\/wp-content\/uploads\/2022\/11\/20221113_000347-209x300.jpg 209w, https:\/\/bebart.it\/wp-content\/uploads\/2022\/11\/20221113_000347-714x1024.jpg 714w, https:\/\/bebart.it\/wp-content\/uploads\/2022\/11\/20221113_000347-768x1101.jpg 768w, https:\/\/bebart.it\/wp-content\/uploads\/2022\/11\/20221113_000347-1072x1536.jpg 1072w, https:\/\/bebart.it\/wp-content\/uploads\/2022\/11\/20221113_000347-550x788.jpg 550w, https:\/\/bebart.it\/wp-content\/uploads\/2022\/11\/20221113_000347.jpg 1080w\" sizes=\"(max-width: 209px) 100vw, 209px\" \/><img loading=\"lazy\" class=\"alignnone size-medium wp-image-1543\" src=\"http:\/\/bebart.it\/wp-content\/uploads\/2022\/11\/20221113_000319-234x300.jpg\" alt=\"\" width=\"234\" height=\"300\" srcset=\"https:\/\/bebart.it\/wp-content\/uploads\/2022\/11\/20221113_000319-234x300.jpg 234w, https:\/\/bebart.it\/wp-content\/uploads\/2022\/11\/20221113_000319-798x1024.jpg 798w, https:\/\/bebart.it\/wp-content\/uploads\/2022\/11\/20221113_000319-768x985.jpg 768w, https:\/\/bebart.it\/wp-content\/uploads\/2022\/11\/20221113_000319-550x705.jpg 550w, https:\/\/bebart.it\/wp-content\/uploads\/2022\/11\/20221113_000319.jpg 1080w\" sizes=\"(max-width: 234px) 100vw, 234px\" \/><\/p>\n","protected":false},"excerpt":{"rendered":"<p>I miei Portacandele vengono realizzati utilizzando i fiori del mio giardino, ma non solo. Per questo Portacandele &#8220;TOPAZIO&#8221; ho utilizzato i fiori di Dimorfoteca, Oleandro e Foglie di Achillea. A volte i fiori li raccolgo nei posti in cui mi trovo e cerco di riportarli integri a casa, per dopo sottoporrli a un lungo processo di pressatura. I fiori, una volta essiccati, vengono incollati uno per uno sul vetro. Una volta asciugati vengono coperti con la delicata carta di riso. E&#8217; inclusa una candelina profumata.<br \/>\nI Portacandele si illuminano dall&#8217;interno e riflettono la luce per rendere il tuo salotto pi\u00f9 accogliente, la tua camera da letto pi\u00f9 romantica o il tuo negozio pi\u00f9 interessante.<br \/>\nSiccome questo Portacandele \u00e8 bello anche dall&#8217;interno, perch\u00e8 i fiori si vedono in modo chiaro e limpido, lo si pu\u00f2 utilizzare anche come soprammobile o cenrotavola.<br \/>\nTutte le mie creazioni sono pezzi unici! Un regalo decisamente originale!<br \/>\nTrattandosi di creazione effettuata con materiali naturali, l&#8217;articolo spedito potr\u00e0 presentare alcune piccole differenze nel colore rispetto a quello esposto. Si prega di tenere lontano dalla luce solare diretta.<\/p>\n<p>Dimensioni: diametro 8,5 cm, altezza 9 cm<\/p>\n","protected":false},"featured_media":1545,"comment_status":"open","ping_status":"closed","template":"","meta":[],"product_cat":[34],"product_tag":[],"_links":{"self":[{"href":"https:\/\/bebart.it\/index.php?rest_route=\/wp\/v2\/product\/501"}],"collection":[{"href":"https:\/\/bebart.it\/index.php?rest_route=\/wp\/v2\/product"}],"about":[{"href":"https:\/\/bebart.it\/index.php?rest_route=\/wp\/v2\/types\/product"}],"replies":[{"embeddable":true,"href":"https:\/\/bebart.it\/index.php?rest_route=%2Fwp%2Fv2%2Fcomments&post=501"}],"wp:featuredmedia":[{"embeddable":true,"href":"https:\/\/bebart.it\/index.php?rest_route=\/wp\/v2\/media\/1545"}],"wp:attachment":[{"href":"https:\/\/bebart.it\/index.php?rest_route=%2Fwp%2Fv2%2Fmedia&parent=501"}],"wp:term":[{"taxonomy":"product_cat","embeddable":true,"href":"https:\/\/bebart.it\/index.php?rest_route=%2Fwp%2Fv2%2Fproduct_cat&post=501"},{"taxonomy":"product_tag","embeddable":true,"href":"https:\/\/bebart.it\/index.php?rest_route=%2Fwp%2Fv2%2Fproduct_tag&post=501"}],"curies":[{"name":"wp","href":"https:\/\/api.w.org\/{rel}","templated":true}]}}